git of 1599850?
5
What is the thousands digit of 6122982?
2
What is the thousands digit of 189420?
9
What is the tens digit of 46599?
9
What is the hundred thousands digit of 1086000?
0
What is the tens digit of 662628?
2
What is the hundred thousands digit of 2289860?
2
What is the thousands digit of 18946831?
6
What is the millions digit of 3937659?
3
What is the hundred thousands digit of 285515?
2
What is the millions digit of 4348905?
4
What is the units digit of 203835?
5
What is the hundred thousands digit of 520404?
5
What is the hundreds digit of 504991?
9
What is the millions digit of 2798163?
2
What is the hundreds digit of 568065?
0
What is the ten thousands digit of 365166?
6
What is the millions digit of 4303665?
4
What is the hundreds digit of 310750?
7
What is the units digit of 752997?
7
What is the ten thousands digit of 737242?
3
What is the units digit of 3343767?
7
What is the tens digit of 776037?
3
What is the thousands digit of 920291?
0
What is the units digit of 35315505?
5
What is the ten thousands digit of 102204?
0
What is the tens digit of 11843556?
5
What is the units digit of 4756168?
8
What is the hundred thousands digit of 621129?
6
What is the thousands digit of 14541266?
1
What is the ten thousands digit of 1509974?
0
What is the hundreds digit of 236744?
7
What is the tens digit of 7564183?
8
What is the ten thousands digit of 502862?
0
What is the hundreds digit of 3263136?
1
What is the hundred thousands digit of 144948?
1
What is the hundreds digit of 1261621?
6
What is the hundreds digit of 104551?
5
What is the ten thousands digit of 1154739?
5
What is the hundred thousands digit of 481994?
4
What is the ten millions digit of 10989004?
1
What is the thousands digit of 1684728?
4
What is the units digit of 18308?
8
What is the hundreds digit of 4048209?
2
What is the hundreds digit of 700807?
8
What is the millions digit of 2059110?
2
What is the tens digit of 11482936?
3
What is the tens digit of 78110?
1
What is the hundreds digit of 24590?
5
What is the ten thousands digit of 575297?
7
What is the ten thousands digit of 6522887?
2
What is the units digit of 156095?
5
What is the tens digit of 430279?
7
What is the thousands digit of 915910?
5
What is the units digit of 4545158?
8
What is the hundreds digit of 4516538?
5
What is the ten thousands digit of 5045106?
4
What is the thousands digit of 958640?
8
What is the ten thousands digit of 536176?
3
What is the thousands digit of 2089394?
9
What is the tens digit of 492188?
8
What is the ten millions digit of 10482806?
1
What is the tens digit of 321489?
8
What is the tens digit of 540220?
2
What is the units digit of 781?
1
What is the units digit of 1335324?
4
What is the units digit of 17200281?
1
What is the millions digit of 1139852?
1
What is the millions digit of 28173686?
8
What is the units digit of 9153915?
5
What is the thousands digit of 993732?
3
What is the ten millions digit of 14243471?
1
What is the units digit of 770233?
3
What is the ten thousands digit of 13376841?
7
What is the thousands digit of 238359?
8
What is the millions digit of 6750740?
6
What is the hundreds digit of 21424755?
7
What is the units digit of 3184057?
7
What is the tens digit of 273891?
9
What is the hundreds digit of 1498977?
9
What is the units digit of 12636377?
7
What is the ten thousands digit of 194356?
9
What is the ten thousands digit of 224927?
2
What is the ten thousands digit of 12018461?
1
What is the thousands digit of 10593103?
3
What is the hundreds digit of 1147835?
8
What is the ten thousands digit of 31306660?
0
What is the ten thousands digit of 5674228?
7
What is the tens digit of 10440?
4
What is the tens digit of 226944?
4
What is the hundred thousands digit of 783038?
7
What is the tens digit of 773297?
9
What is the thousands digit of 374031?
4
What is the units digit of 17120797?
7
What is the tens digit of 2432941?
4
What is the hundreds digit of 19624571?
5
What is the tens digit of 997462?
6
What is the ten thousands digit of 8062154?
6
What is the hundred thousands digit of 752801?
7
What is the hundreds digit of 482511?
5
What is the tens digit of 104122?
2
What is the thousands digit of 417801?
7
What is the hundreds digit of 7883467?
4
What is the hundreds digit of 19591606?
6
What is the ten thousands digit of 918415?
1
What is the millions digit of 12166578?
2
What is the ten millions digit of 13337722?
1
What is the thousands digit of 474337?
4
What is the ten thousands digit of 220375?
2
What is the ten thousands digit of 2717650?
1
What is the hundreds digit of 18970241?
2
What is the hundred thousands digit of 36402408?
4
What is the thousands digit of 2006312?
6
What is the hundreds digit of 252433?
4
What is the thousands digit of 1985195?
5
What is the hundred thousands digit of 16960196?
9
What is the tens digit of 1183089?
8
What is the units digit of 266717?
7
What is the thousands digit of 483785?
3
What is the hundred thousands digit of 2098519?
0
What is the millions digit of 1999379?
1
What is the thousands digit of 3186971?
6
What is the units digit of 2262358?
8
What is the units digit of 13925979?
9
What is the ten thousands digit of 19087059?
8
What is the thousands digit of 264179?
4
What is the hundreds digit of 37119?
1
What is the ten thousands digit of 1820213?
2
What is the ten thousands digit of 6745454?
4
What is the thousands digit of 13661722?
1
What is the ten thousands digit of 12202920?
0
What is the millions digit of 2109084?
2
What is the units digit of 114909?
9
What is the thousands digit of 233066?
3
What is the tens digit of 1936283?
8
What is the tens digit of 1577861?
6
What is the tens digit of 4683274?
7
What is the hundreds digit of 552522?
5
What is the tens digit of 116291?
9
What is the ten thousands digit of 240211?
4
What is the units digit of 13255756?
6
What is the units digit of 129710?
0
What is the hundred thousands digit of 1920340?
9
What is the hundreds digit of 4799985?
9
What is the tens digit of 1656237?
3
What is the hundred thousands digit of 540034?
5
What is the units digit of 656680?
0
What is the hundred thousands digit of 1066116?
0
What is the units digit of 423828?
8
What is the thousands digit of 676447?
6
What is the ten thousands digit of 48860?
4
What is the hundreds digit of 101981?
9
What is the units digit of 1331552?
2
What is the millions digit of 20233288?
0
What is the tens digit of 13783?
8
What is the hundreds digit of 3035072?
0
What is the units digit of 642850?
0
What is the thousands digit of 382022?
2
What is the units digit of 28888?
8
What is the hundreds digit of 57947?
9
What is the hundreds digit of 143417?
4
What is the hundred thousands digit of 2645040?
6
What is the units digit of 4383449?
9
What is the units digit of 1261502?
2
What is the hundreds digit of 507023?
0
What is the millions digit of 13747775?
3
What is the ten thousands digit of 249340?
4
What is the thousands digit of 90491?
0
What is the tens digit of 938758?
5
What is the hundreds digit of 2757638?
6
What is the units digit of 118366?
6
What is the hundred thousands digit of 23223084?
2
What is the hundreds digit of 178485?
4
What is the hundred thousands digit of 2382901?
3
What is the ten thousands digit of 885782?
8
What is the hundreds digit of 158899?
8
What is the ten thousands digit of 13950971?
5
What is the millions digit of 4988771?
4
What is the hundreds digit of 4436878?
8
What is the units digit of 207427?
7
What is the ten millions digit of 19791589?
1
What is the thousands digit of 1634?
1
What is the millions digit of 10573048?
0
What is the ten thousands digit of 977383?
7
What is the units digit of 95188?
8
What is the millions digit of 8101300?
8
What is the hundred thousands digit of 6798558?
7
What is the ten thousands digit of 602254?
0
What is the tens digit of 1557087?
8
What is the thousands digit of 76526?
6
What is the units digit of 36262303?
3
What is the tens digit of 1374917?
1
What is the units digit of 6267722?
2
What is the hundreds digit of 431446?
4
What is the units digit of 1800587?
7
What is the millions digit of 26498449?
6
What is the ten thousands digit of 9563820?
6
What is the ten thousands digit of 2669140?
6
What i